{"id":35,"date":"2025-05-30T21:02:30","date_gmt":"2025-05-30T19:02:30","guid":{"rendered":"https:\/\/plumetattoo.com\/?page_id=35"},"modified":"2025-05-30T21:08:41","modified_gmt":"2025-05-30T19:08:41","slug":"coup-de-coeur-catalogue","status":"publish","type":"page","link":"https:\/\/plumetattoo.com\/index.php\/coup-de-coeur-catalogue\/","title":{"rendered":"Coup de c\u0153ur catalogue"},"content":{"rendered":"\n<p><strong>Tu as eu un coup de c\u0153ur pour un dessin du catalogue Plume Tattoo ?<br>Voici comment se d\u00e9roule la suite : douce, simple et claire \u2014 pour que cette empreinte devienne la tienne.<\/strong><\/p>\n\n\n\n<ol class=\"wp-block-list\">\n<li>Me contacter<br>\u00c9cris-moi par mail uniquement :<br>\ud83d\udce9 plume.tattoo.contact@gmail.com<br>Merci d\u2019indiquer dans ton message :<br>\u2013 le nom ou la capture d\u2019\u00e9cran du dessin choisi<br>\u2013 la taille approximative que tu imagines<br>\u2013 l\u2019emplacement sur ton corps<br>\u2013 tes dispos ou pr\u00e9f\u00e9rences de dates<br>\u2192 Plus ton message est complet, plus je pourrai te r\u00e9pondre avec justesse et fluidit\u00e9.<\/li>\n\n\n\n<li>R\u00e9server ton projet<br>Une fois ton mail re\u00e7u, je te r\u00e9ponds pour confirmer la disponibilit\u00e9 du dessin (certains flashs sont en exemplaire unique).<br>Si tout est OK, on choisit une date ensemble, et tu verses un acompte pour bloquer la s\u00e9ance :<\/li>\n<\/ol>\n\n\n\n<ul class=\"wp-block-list\">\n<li>100\u2009\u20ac pour un projet \u00e0 moins de 200\u2009\u20ac<\/li>\n\n\n\n<li>200\u2009\u20ac jusqu\u2019\u00e0 500\u2009\u20ac<\/li>\n\n\n\n<li>50\u2009% du montant si c\u2019est au-del\u00e0<\/li>\n\n\n\n<li>250\u2009\u20ac si on r\u00e9serve une journ\u00e9e compl\u00e8te (6\u20137 h)<\/li>\n<\/ul>\n\n\n\n<p>\ud83d\udca1 Les paiements se font en liquide uniquement.<br>\ud83e\udeb6 Sans acompte, je ne bloque ni la date, ni le dessin.<\/p>\n\n\n\n<ol start=\"3\" class=\"wp-block-list\">\n<li>Pr\u00e9parer la s\u00e9ance<br>Tu recevras un petit mail avec les infos pratiques pour bien te pr\u00e9parer (sommeil, hydratation, v\u00eatements\u2026).<br>Si un petit ajustement est n\u00e9cessaire (taille ou adaptation l\u00e9g\u00e8re), je le fais avant notre rendez-vous.<\/li>\n\n\n\n<li>Le jour du tatouage<br>Tu viens au studio, on prend le temps de poser l\u2019ambiance.<br>Le paiement se fait \u00e0 ton arriv\u00e9e, en liquide.<br>On ajuste si besoin, et quand tout est clair et juste : on d\u00e9marre.<br>Tu repars avec un soin, un rituel, une trace.<\/li>\n\n\n\n<li>Les retouches<br>Si une retouche est n\u00e9cessaire, elle peut se faire \u00e0 partir de 5 semaines apr\u00e8s le tatouage.<br>Elle est offerte pendant 3 mois apr\u00e8s la s\u00e9ance.<br>Les cr\u00e9neaux de retouches ont lieu le lundi.<\/li>\n<\/ol>\n","protected":false},"excerpt":{"rendered":"<p>Tu as eu un coup de c\u0153ur pour un dessin du catalogue Plume Tattoo ?Voici comment se d\u00e9roule la suite : douce, simple et claire \u2014 pour que cette empreinte devienne la tienne. \ud83d\udca1 Les paiements se font en liquide uniquement.\ud83e\udeb6 Sans acompte, je ne bloque ni la date, ni le dessin.<\/p>\n","protected":false},"author":3,"featured_media":0,"parent":0,"menu_order":0,"comment_status":"closed","ping_status":"closed","template":"templates\/full-width-page.php","meta":{"footnotes":""},"class_list":["post-35","page","type-page","status-publish","hentry"],"_links":{"self":[{"href":"https:\/\/plumetattoo.com\/index.php\/wp-json\/wp\/v2\/pages\/35","targetHints":{"allow":["GET"]}}],"collection":[{"href":"https:\/\/plumetattoo.com\/index.php\/wp-json\/wp\/v2\/pages"}],"about":[{"href":"https:\/\/plumetattoo.com\/index.php\/wp-json\/wp\/v2\/types\/page"}],"author":[{"embeddable":true,"href":"https:\/\/plumetattoo.com\/index.php\/wp-json\/wp\/v2\/users\/3"}],"replies":[{"embeddable":true,"href":"https:\/\/plumetattoo.com\/index.php\/wp-json\/wp\/v2\/comments?post=35"}],"version-history":[{"count":3,"href":"https:\/\/plumetattoo.com\/index.php\/wp-json\/wp\/v2\/pages\/35\/revisions"}],"predecessor-version":[{"id":59,"href":"https:\/\/plumetattoo.com\/index.php\/wp-json\/wp\/v2\/pages\/35\/revisions\/59"}],"wp:attachment":[{"href":"https:\/\/plumetattoo.com\/index.php\/wp-json\/wp\/v2\/media?parent=35"}],"curies":[{"name":"wp","href":"https:\/\/api.w.org\/{rel}","templated":true}]}}